{"id":7531,"date":"2024-01-19T12:21:41","date_gmt":"2024-01-19T12:21:41","guid":{"rendered":"https:\/\/abcformation1986.fr\/?page_id=7531"},"modified":"2024-01-19T12:26:37","modified_gmt":"2024-01-19T12:26:37","slug":"gestion-des-donnees-personnelles","status":"publish","type":"page","link":"http:\/\/abcformation1986.fr\/en\/gestion-des-donnees-personnelles\/","title":{"rendered":"GESTION DES DONNEES PERSONNELLES"},"content":{"rendered":"<div class=\"vc_row wpb_row vc_row-fluid\">\n\t\t\t\t<div class=\"mo-vc-row-ovelay\" style=\"\"><\/div>\n\t\t\t\t<div class=\"container\"><div class=\"wpb_column vc_column_container vc_col-sm-12\"><div class=\"vc_column-inner\"><div class=\"wpb_wrapper\">\n\t<div class=\"wpb_text_column wpb_content_element\" >\n\t\t<div class=\"wpb_wrapper\">\n\t\t\t<p>Nous sommes engag\u00e9s dans <strong>une d\u00e9marche globale de respect de la confidentialit\u00e9 des donn\u00e9es \u00e0 caract\u00e8re personnel<\/strong> qui lui sont confi\u00e9es dans le cadre de son activit\u00e9, \u00e0 travers les moyens de collecte disponibles depuis son site internet afrouen.org, notamment \u00e0 l&rsquo;occasion des demandes de contact, d\u2019information, demande de devis ou de cr\u00e9ation de compte.<br \/>\n\u00c0 ce titre, <strong><span style=\"color: #008000;\">ABC FORMATION<\/span><\/strong> s\u2019engage \u00e0 pratiquer une exploitation des donn\u00e9es personnelles conforme aux directives du<strong> R\u00e8glement G\u00e9n\u00e9ral de la Protection des Donn\u00e9es<\/strong> <strong>(RGPD)<\/strong> de l\u2019UE.<br \/>\nLes donn\u00e9es collect\u00e9es par les diff\u00e9rents formulaires de contact, demande de devis, d&rsquo;information ou de cr\u00e9ation de compte utilisateur sont trait\u00e9es par le responsable de traitement de chaque service concern\u00e9 (accueil, examen, direction&#8230;), lui permettant de r\u00e9pondre aux utilisateurs, les contacter, fournir des informations, constituer des propositions commerciales et remplir sa mission de vente en ligne de cours de fran\u00e7ais, formations et dipl\u00f4mes.<br \/>\nLes donn\u00e9es ne seront jamais utilis\u00e9es \u00e0 des fins autres, non pr\u00e9vues, ni transmises \u00e0 des partenaires, sauf accord de la part du propri\u00e9taire des donn\u00e9es. Aucune information personnelle autre que celles demand\u00e9es dans ce cadre n\u2019est collect\u00e9e \u00e0 l&rsquo;insu des personnes concern\u00e9es.<br \/>\nIl est aimablement rappel\u00e9 aux utilisateurs du site que l&rsquo;ex\u00e9cution d&rsquo;un contrat de vente de cours, d&rsquo;une formation, d&rsquo;un dipl\u00f4me, est conditionn\u00e9e \u00e0 la fourniture des donn\u00e9es \u00e0 caract\u00e8re personnel. L&rsquo;utilisateur souhaitant conclure un contrat de vente avec le site \u00ab <strong><a href=\"http:\/\/abcformation1986.fr\/en\/\"><span style=\"color: #008000;\">abcformation1986.fr<\/span><\/a><\/strong> \u00bb doit \u00eatre conscient que la non-fourniture de ces donn\u00e9es entra\u00eene l&rsquo;impossibilit\u00e9 de poursuivre le processus contractuel.<br \/>\nEn outre, les donn\u00e9es recueillies sont conserv\u00e9es :<br \/>\n\u2022 pour les clients : pendant tout le temps de la relation commerciale. Elles seront conserv\u00e9es \u00e0 des fins de prospection commerciale au maximum pendant 1 an \u00e0 compter de la fin de cette relation commerciale,<br \/>\n\u2022 pour les prospects : 2 ans maximum \u00e0 compter de leur collecte par le responsable de traitement ou du dernier contact \u00e9manant du prospect.<br \/>\nPar ailleurs, les donn\u00e9es collect\u00e9es via les traitements de donn\u00e9es \u00e0 caract\u00e8re personnel du pr\u00e9sent site ne font l&rsquo;objet d&rsquo;aucun transfert en dehors du territoire de l&rsquo;Union Europ\u00e9enne.<br \/>\n\u00c9galement, les donn\u00e9es transitant par le site font l&rsquo;objet d&rsquo;une attention de tous les instants quant \u00e0 leur s\u00e9curit\u00e9 et leur confidentialit\u00e9. Outre un site web en HTTPS, l&rsquo;acc\u00e8s \u00e0 l&rsquo;arri\u00e8re-guichet (back-office) du site est possible via des logins et des mots de passe complexes \u00e0 protection forte ainsi que d\u2019une protection avec double authentification. Il est en de m\u00eame pour la bo\u00eete mail r\u00e9ceptacle des donn\u00e9es personnelles des utilisateurs et clients.<br \/>\n\u00c9galement, le site web \u00ab <span style=\"color: #008000;\"><a style=\"color: #008000;\" href=\"http:\/\/abcformation1986.fr\/en\/\"><strong>abcformation1986.fr<\/strong><\/a><\/span> \u00bbest \u00e9quip\u00e9 de nombreux modules de s\u00e9curit\u00e9 emp\u00eachant au maximum les intrusions malveillantes et les fuites de donn\u00e9es.<br \/>\nCependant, l&rsquo;utilisateur de ce site ou le client peut \u00e0 tout moment introduire une r\u00e9clamation aupr\u00e8s de la <strong>Commission Nationale Informatique et Libert\u00e9s (CNIL),<\/strong> autorit\u00e9 de contr\u00f4le fran\u00e7aise.<\/p>\n\n\t\t<\/div>\n\t<\/div>\n<\/div><\/div><\/div>\t<\/div>\n\t\t\t<\/div>","protected":false},"excerpt":{"rendered":"Nous sommes engag\u00e9s dans une d\u00e9marche globale de respect de la confidentialit\u00e9 des donn\u00e9es \u00e0 caract\u00e8re personnel qui lui sont confi\u00e9es dans le cadre de son activit\u00e9, \u00e0 travers les moyens de collecte disponibles depuis son site internet afrouen.org, notamment \u00e0 l'occasion des demandes de contact, d\u2019information, demande de devis ou de cr\u00e9ation de compte. [...]","protected":false},"author":2,"featured_media":0,"parent":0,"menu_order":0,"comment_status":"closed","ping_status":"closed","template":"","meta":{"_uag_custom_page_level_css":"","footnotes":""},"class_list":["post-7531","page","type-page","status-publish","hentry"],"yoast_head":"<!-- This site is optimized with the Yoast SEO plugin v25.2 - https:\/\/yoast.com\/wordpress\/plugins\/seo\/ -->\n<title>GESTION DES DONNEES PERSONNELLES - Centre de Formation ABC Franconville | FLE | TEF<\/title>\n<meta name=\"robots\" content=\"index, follow, max-snippet:-1, max-image-preview:large, max-video-preview:-1\" \/>\n<link rel=\"canonical\" href=\"http:\/\/abcformation1986.fr\/en\/gestion-des-donnees-personnelles\/\" \/>\n<meta property=\"og:locale\" content=\"en_US\" \/>\n<meta property=\"og:type\" content=\"article\" \/>\n<meta property=\"og:title\" content=\"GESTION DES DONNEES PERSONNELLES - Centre de Formation ABC Franconville | FLE | TEF\" \/>\n<meta property=\"og:url\" content=\"http:\/\/abcformation1986.fr\/en\/gestion-des-donnees-personnelles\/\" \/>\n<meta property=\"og:site_name\" content=\"Centre de Formation ABC Franconville | FLE | TEF\" \/>\n<meta property=\"article:publisher\" content=\"http:\/\/@abcformation\" \/>\n<meta property=\"article:modified_time\" content=\"2024-01-19T12:26:37+00:00\" \/>\n<meta name=\"twitter:card\" content=\"summary_large_image\" \/>\n<meta name=\"twitter:site\" content=\"@abc_formation\" \/>\n<meta name=\"twitter:label1\" content=\"Est. reading time\" \/>\n\t<meta name=\"twitter:data1\" content=\"3 minutes\" \/>\n<script type=\"application\/ld+json\" class=\"yoast-schema-graph\">{\"@context\":\"https:\/\/schema.org\",\"@graph\":[{\"@type\":\"WebPage\",\"@id\":\"http:\/\/abcformation1986.fr\/ar\/gestion-des-donnees-personnelles\/\",\"url\":\"http:\/\/abcformation1986.fr\/ar\/gestion-des-donnees-personnelles\/\",\"name\":\"GESTION DES DONNEES PERSONNELLES - Centre de Formation ABC Franconville | FLE | TEF\",\"isPartOf\":{\"@id\":\"https:\/\/abcformation1986.fr\/en\/#website\"},\"datePublished\":\"2024-01-19T12:21:41+00:00\",\"dateModified\":\"2024-01-19T12:26:37+00:00\",\"breadcrumb\":{\"@id\":\"http:\/\/abcformation1986.fr\/ar\/gestion-des-donnees-personnelles\/#breadcrumb\"},\"inLanguage\":\"en-US\",\"potentialAction\":[{\"@type\":\"ReadAction\",\"target\":[\"http:\/\/abcformation1986.fr\/ar\/gestion-des-donnees-personnelles\/\"]}]},{\"@type\":\"BreadcrumbList\",\"@id\":\"http:\/\/abcformation1986.fr\/ar\/gestion-des-donnees-personnelles\/#breadcrumb\",\"itemListElement\":[{\"@type\":\"ListItem\",\"position\":1,\"name\":\"Home\",\"item\":\"https:\/\/abcformation1986.fr\/en\/\"},{\"@type\":\"ListItem\",\"position\":2,\"name\":\"GESTION DES DONNEES PERSONNELLES\"}]},{\"@type\":\"WebSite\",\"@id\":\"https:\/\/abcformation1986.fr\/en\/#website\",\"url\":\"https:\/\/abcformation1986.fr\/en\/\",\"name\":\"Centre de Formation ABC Franconville | FLE | TEF\",\"description\":\"Acteur historique de  la formation, de l\u2019insertion et de la  reconversion professionnelle depuis 1986\",\"publisher\":{\"@id\":\"https:\/\/abcformation1986.fr\/en\/#organization\"},\"potentialAction\":[{\"@type\":\"SearchAction\",\"target\":{\"@type\":\"EntryPoint\",\"urlTemplate\":\"https:\/\/abcformation1986.fr\/en\/?s={search_term_string}\"},\"query-input\":{\"@type\":\"PropertyValueSpecification\",\"valueRequired\":true,\"valueName\":\"search_term_string\"}}],\"inLanguage\":\"en-US\"},{\"@type\":\"Organization\",\"@id\":\"https:\/\/abcformation1986.fr\/en\/#organization\",\"name\":\"ABCFORMATION\",\"url\":\"https:\/\/abcformation1986.fr\/en\/\",\"logo\":{\"@type\":\"ImageObject\",\"inLanguage\":\"en-US\",\"@id\":\"https:\/\/abcformation1986.fr\/en\/#\/schema\/logo\/image\/\",\"url\":\"https:\/\/abcformation1986.fr\/wp-content\/uploads\/2018\/11\/abclogo.png\",\"contentUrl\":\"https:\/\/abcformation1986.fr\/wp-content\/uploads\/2018\/11\/abclogo.png\",\"width\":134,\"height\":82,\"caption\":\"ABCFORMATION\"},\"image\":{\"@id\":\"https:\/\/abcformation1986.fr\/en\/#\/schema\/logo\/image\/\"},\"sameAs\":[\"http:\/\/@abcformation\",\"https:\/\/x.com\/abc_formation\",\"http:\/\/abcformation1986\"]}]}<\/script>\n<!-- \/ Yoast SEO plugin. -->","yoast_head_json":{"title":"GESTION DES DONNEES PERSONNELLES - Centre de Formation ABC Franconville | FLE | TEF","robots":{"index":"index","follow":"follow","max-snippet":"max-snippet:-1","max-image-preview":"max-image-preview:large","max-video-preview":"max-video-preview:-1"},"canonical":"http:\/\/abcformation1986.fr\/en\/gestion-des-donnees-personnelles\/","og_locale":"en_US","og_type":"article","og_title":"GESTION DES DONNEES PERSONNELLES - Centre de Formation ABC Franconville | FLE | TEF","og_url":"http:\/\/abcformation1986.fr\/en\/gestion-des-donnees-personnelles\/","og_site_name":"Centre de Formation ABC Franconville | FLE | TEF","article_publisher":"http:\/\/@abcformation","article_modified_time":"2024-01-19T12:26:37+00:00","twitter_card":"summary_large_image","twitter_site":"@abc_formation","twitter_misc":{"Est. reading time":"3 minutes"},"schema":{"@context":"https:\/\/schema.org","@graph":[{"@type":"WebPage","@id":"http:\/\/abcformation1986.fr\/ar\/gestion-des-donnees-personnelles\/","url":"http:\/\/abcformation1986.fr\/ar\/gestion-des-donnees-personnelles\/","name":"GESTION DES DONNEES PERSONNELLES - Centre de Formation ABC Franconville | FLE | TEF","isPartOf":{"@id":"https:\/\/abcformation1986.fr\/en\/#website"},"datePublished":"2024-01-19T12:21:41+00:00","dateModified":"2024-01-19T12:26:37+00:00","breadcrumb":{"@id":"http:\/\/abcformation1986.fr\/ar\/gestion-des-donnees-personnelles\/#breadcrumb"},"inLanguage":"en-US","potentialAction":[{"@type":"ReadAction","target":["http:\/\/abcformation1986.fr\/ar\/gestion-des-donnees-personnelles\/"]}]},{"@type":"BreadcrumbList","@id":"http:\/\/abcformation1986.fr\/ar\/gestion-des-donnees-personnelles\/#breadcrumb","itemListElement":[{"@type":"ListItem","position":1,"name":"Home","item":"https:\/\/abcformation1986.fr\/en\/"},{"@type":"ListItem","position":2,"name":"GESTION DES DONNEES PERSONNELLES"}]},{"@type":"WebSite","@id":"https:\/\/abcformation1986.fr\/en\/#website","url":"https:\/\/abcformation1986.fr\/en\/","name":"Centre de Formation ABC Franconville | FLE | TEF","description":"Acteur historique de  la formation, de l\u2019insertion et de la  reconversion professionnelle depuis 1986","publisher":{"@id":"https:\/\/abcformation1986.fr\/en\/#organization"},"potentialAction":[{"@type":"SearchAction","target":{"@type":"EntryPoint","urlTemplate":"https:\/\/abcformation1986.fr\/en\/?s={search_term_string}"},"query-input":{"@type":"PropertyValueSpecification","valueRequired":true,"valueName":"search_term_string"}}],"inLanguage":"en-US"},{"@type":"Organization","@id":"https:\/\/abcformation1986.fr\/en\/#organization","name":"ABCFORMATION","url":"https:\/\/abcformation1986.fr\/en\/","logo":{"@type":"ImageObject","inLanguage":"en-US","@id":"https:\/\/abcformation1986.fr\/en\/#\/schema\/logo\/image\/","url":"https:\/\/abcformation1986.fr\/wp-content\/uploads\/2018\/11\/abclogo.png","contentUrl":"https:\/\/abcformation1986.fr\/wp-content\/uploads\/2018\/11\/abclogo.png","width":134,"height":82,"caption":"ABCFORMATION"},"image":{"@id":"https:\/\/abcformation1986.fr\/en\/#\/schema\/logo\/image\/"},"sameAs":["http:\/\/@abcformation","https:\/\/x.com\/abc_formation","http:\/\/abcformation1986"]}]}},"uagb_featured_image_src":{"full":false,"thumbnail":false,"medium":false,"medium_large":false,"large":false,"1536x1536":false,"2048x2048":false,"trp-custom-language-flag":false,"hala-full":false,"hala-medium":false,"hala-small":false,"hala-team":false,"hala-thumb":false,"woocommerce_thumbnail":false,"woocommerce_single":false,"woocommerce_gallery_thumbnail":false},"uagb_author_info":{"display_name":"abc formation","author_link":"http:\/\/abcformation1986.fr\/en\/author\/abcformation\/"},"uagb_comment_info":0,"uagb_excerpt":null,"jetpack_sharing_enabled":true,"_links":{"self":[{"href":"http:\/\/abcformation1986.fr\/en\/wp-json\/wp\/v2\/pages\/7531","targetHints":{"allow":["GET"]}}],"collection":[{"href":"http:\/\/abcformation1986.fr\/en\/wp-json\/wp\/v2\/pages"}],"about":[{"href":"http:\/\/abcformation1986.fr\/en\/wp-json\/wp\/v2\/types\/page"}],"author":[{"embeddable":true,"href":"http:\/\/abcformation1986.fr\/en\/wp-json\/wp\/v2\/users\/2"}],"replies":[{"embeddable":true,"href":"http:\/\/abcformation1986.fr\/en\/wp-json\/wp\/v2\/comments?post=7531"}],"version-history":[{"count":3,"href":"http:\/\/abcformation1986.fr\/en\/wp-json\/wp\/v2\/pages\/7531\/revisions"}],"predecessor-version":[{"id":7534,"href":"http:\/\/abcformation1986.fr\/en\/wp-json\/wp\/v2\/pages\/7531\/revisions\/7534"}],"wp:attachment":[{"href":"http:\/\/abcformation1986.fr\/en\/wp-json\/wp\/v2\/media?parent=7531"}],"curies":[{"name":"wp","href":"https:\/\/api.w.org\/{rel}","templated":true}]}}

<div class="vc_row wpb_row vc_row-fluid">
				<div class="mo-vc-row-ovelay" style=""></div>
				<div class="container"><div class="wpb_column vc_column_container vc_col-sm-12"><div class="vc_column-inner"><div class="wpb_wrapper">
	<div class="wpb_text_column wpb_content_element" >
		<div class="wpb_wrapper">
			<p>Nous sommes engagés dans <strong>une démarche globale de respect de la confidentialité des données à caractère personnel</strong> qui lui sont confiées dans le cadre de son activité, à travers les moyens de collecte disponibles depuis son site internet afrouen.org, notamment à l&rsquo;occasion des demandes de contact, d’information, demande de devis ou de création de compte.<br />
À ce titre, <strong><span style="color: #008000;">ABC FORMATION</span></strong> s’engage à pratiquer une exploitation des données personnelles conforme aux directives du<strong> Règlement Général de la Protection des Données</strong> <strong>(RGPD)</strong> de l’UE.<br />
Les données collectées par les différents formulaires de contact, demande de devis, d&rsquo;information ou de création de compte utilisateur sont traitées par le responsable de traitement de chaque service concerné (accueil, examen, direction&#8230;), lui permettant de répondre aux utilisateurs, les contacter, fournir des informations, constituer des propositions commerciales et remplir sa mission de vente en ligne de cours de français, formations et diplômes.<br />
Les données ne seront jamais utilisées à des fins autres, non prévues, ni transmises à des partenaires, sauf accord de la part du propriétaire des données. Aucune information personnelle autre que celles demandées dans ce cadre n’est collectée à l&rsquo;insu des personnes concernées.<br />
Il est aimablement rappelé aux utilisateurs du site que l&rsquo;exécution d&rsquo;un contrat de vente de cours, d&rsquo;une formation, d&rsquo;un diplôme, est conditionnée à la fourniture des données à caractère personnel. L&rsquo;utilisateur souhaitant conclure un contrat de vente avec le site « <strong><a href="http://abcformation1986.fr/en/"><span style="color: #008000;">abcformation1986.fr</span></a></strong> » doit être conscient que la non-fourniture de ces données entraîne l&rsquo;impossibilité de poursuivre le processus contractuel.<br />
En outre, les données recueillies sont conservées :<br />
• pour les clients : pendant tout le temps de la relation commerciale. Elles seront conservées à des fins de prospection commerciale au maximum pendant 1 an à compter de la fin de cette relation commerciale,<br />
• pour les prospects : 2 ans maximum à compter de leur collecte par le responsable de traitement ou du dernier contact émanant du prospect.<br />
Par ailleurs, les données collectées via les traitements de données à caractère personnel du présent site ne font l&rsquo;objet d&rsquo;aucun transfert en dehors du territoire de l&rsquo;Union Européenne.<br />
Également, les données transitant par le site font l&rsquo;objet d&rsquo;une attention de tous les instants quant à leur sécurité et leur confidentialité. Outre un site web en HTTPS, l&rsquo;accès à l&rsquo;arrière-guichet (back-office) du site est possible via des logins et des mots de passe complexes à protection forte ainsi que d’une protection avec double authentification. Il est en de même pour la boîte mail réceptacle des données personnelles des utilisateurs et clients.<br />
Également, le site web « <span style="color: #008000;"><a style="color: #008000;" href="http://abcformation1986.fr/en/"><strong>abcformation1986.fr</strong></a></span> »est équipé de nombreux modules de sécurité empêchant au maximum les intrusions malveillantes et les fuites de données.<br />
Cependant, l&rsquo;utilisateur de ce site ou le client peut à tout moment introduire une réclamation auprès de la <strong>Commission Nationale Informatique et Libertés (CNIL),</strong> autorité de contrôle française.</p>

		</div>
	</div>
</div></div></div>	</div>
			</div>

Nous sommes engagés dans une démarche globale de respect de la confidentialité des données à caractère personnel qui lui sont confiées dans le cadre de son activité, à travers les moyens de collecte disponibles depuis son site internet afrouen.org, notamment à l'occasion des demandes de contact, d’information, demande de devis ou de création de compte. [...]
